 multiple of 4?
False
Does 419 divide 2335705?
False
Is 1136938 a multiple of 16?
False
Does 5 divide 72240?
True
Does 156 divide 32757?
False
Is 33 a factor of 14321?
False
Is 829885 a multiple of 59?
False
Does 88 divide 174240?
True
Does 153 divide 215883?
True
Does 203 divide 624225?
True
Does 1127 divide 4137217?
True
Does 136 divide 40472?
False
Is 7241 a multiple of 64?
False
Does 7 divide 718491?
False
Is 4 a factor of 27720?
True
Is 9 a factor of 1344325?
False
Does 60 divide 3342180?
True
Is 1356837 a multiple of 358?
False
Does 13 divide 1355604?
False
Is 15 a factor of 22794195?
True
Does 30 divide 868470?
True
Is 362854 a multiple of 111?
False
Is 64052 a multiple of 67?
True
Does 19 divide 531236?
False
Is 147 a factor of 14771?
False
Is 12 a factor of 17604?
True
Is 178 a factor of 82359?
False
Is 3525370 a multiple of 55?
False
Is 155525 a multiple of 46?
False
Is 619315 a multiple of 111?
False
Does 38 divide 438339?
False
Is 8426832 a multiple of 136?
True
Does 490 divide 4845120?
True
Is 91349 a multiple of 51?
False
Does 20 divide 191880?
True
Does 603 divide 1038366?
True
Does 258 divide 301952?
False
Is 353038 a multiple of 20?
False
Is 615 a factor of 13771781?
False
Is 3453 a multiple of 66?
False
Does 18 divide 8275914?
True
Is 9699962 a multiple of 1054?
True
Is 44067 a multiple of 3?
True
Is 5381292 a multiple of 9?
False
Does 7 divide 64204?
True
Does 15 divide 2775?
True
Is 14 a factor of 225806?
True
Does 210 divide 6340320?
True
Is 214916 a multiple of 285?
False
Is 1564368 a multiple of 897?
True
Does 239 divide 10712?
False
Is 39243620 a multiple of 20?
True
Does 536 divide 301879?
False
Is 10531619 a multiple of 269?
True
Is 9 a factor of 2149826?
False
Is 2930560 a multiple of 32?
True
Is 19 a factor of 632396?
True
Is 58026 a multiple of 114?
True
Is 665418 a multiple of 38?
True
Does 64 divide 67648?
True
Does 333 divide 130400?
False
Is 743540 a multiple of 70?
True
Is 65550 a multiple of 150?
True
Does 10 divide 56596?
False
Is 540 a multiple of 6?
True
Is 16 a factor of 171776?
True
Is 20 a factor of 330520?
True
Is 444 a factor of 139424?
False
Is 318510 a multiple of 15?
True
Is 263830 a multiple of 14?
True
Does 42 divide 15162?
True
Is 3877528 a multiple of 545?
False
Is 421 a factor of 128405?
True
Is 321 a factor of 1993089?
True
Does 52 divide 303316?
True
Is 483 a factor of 3137085?
True
Does 30 divide 3270?
True
Is 69 a factor of 3216366?
True
Does 69 divide 1951686?
False
Does 58 divide 219742?
False
Is 45509 a multiple of 2?
False
Is 8517015 a multiple of 45?
True
Does 82 divide 723486?
True
Is 122435 a multiple of 9?
False
Does 729 divide 12896739?
True
Is 420 a factor of 6674640?
True
Does 3 divide 101711?
False
Does 92 divide 45308?
False
Is 111264 a multiple of 8?
True
Is 254043 a multiple of 425?
False
Does 2 divide 926517?
False
Is 56584 a multiple of 39?
False
Is 32085118 a multiple of 2678?
True
Is 574479 a multiple of 394?
False
Does 115 divide 979263?
False
Does 616 divide 1412488?
True
Is 357526 a multiple of 17?
False
Is 17790 a multiple of 5?
True
Does 315 divide 665868?
False
Is 29 a factor of 981800?
False
Is 100 a factor of 26735?
False
Is 14 a factor of 727566?
True
Is 571 a factor of 17107160?
True
Does 13 divide 218751?
True
Is 832 a factor of 3395324?
False
Is 4 a factor of 349865?
False
Is 174 a factor of 1154071?
False
Is 496 a factor of 217744?
True
Is 706128 a multiple of 24?
True
Does 93 divide 1568928?
False
Does 83 divide 1317708?
True
Is 2084960 a multiple of 643?
False
Does 358 divide 2142630?
True
Is 121184 a multiple of 13?
False
Does 37 divide 109335?
True
Is 690150 a multiple of 129?
True
Does 6 divide 364081?
False
Does 37 divide 423132?
True
Does 5 divide 106989?
False
Does 9 divide 379734?
False
Is 84 a factor of 8306088?
True
Does 7 divide 176162?
True
Is 3 a factor of 390739?
False
Is 463642 a multiple of 92?
False
Is 11354 even?
True
Does 6 divide 22818?
True
Does 11 divide 8414230?
True
Is 572985 a multiple of 105?
True
Does 185 divide 128760?
True
Is 302878 a multiple of 8?
False
Is 55125 a multiple of 195?
False
Does 19 divide 5758049?
False
Is 5505 a multiple of 3?
True
Is 4008968 a multiple of 6?
False
Does 29 divide 2835134?
False
Does 56 divide 542472?
True
Does 18 divide 372732?
False
Is 151294 a multiple of 299?
True
Does 40 divide 1027746?
False
Is 160 a factor of 327905?
False
Is 675133 a multiple of 8?
False
Is 11245 a multiple of 173?
True
Is 14 a factor of 7700?
True
Is 306 a factor of 934774?
False
Is 22180 a multiple of 784?
False
Is 10455406 a multiple of 16?
False
Is 5 a factor of 523870?
True
Is 429 a factor of 286572?
True
Does 107 divide 111182?
False
Does 101 divide 420362?
True
Is 191 a factor of 8388529?
True
Is 14464 a multiple of 3?
False
Is 2613072 a multiple of 6?
True
Does 10 divide 77650?
True
Is 705061 a multiple of 23?
False
Is 1835784 a multiple of 76?
False
Does 12 divide 279444?
True
Is 17 a factor of 770940?
False
Is 239 a factor of 647451?
True
Is 320 a factor of 1053396?
False
Does 191 divide 1833262?
False
Does 3 divide 5751867?
True
Does 29 divide 1505999?
True
Is 46 a factor of 51106?
True
Is 644404 a multiple of 556?
True
Is 3356602 a multiple of 1153?
False
Does 11 divide 2463769?
True
Does 55 divide 1039775?
True
Does 118 divide 1316172?
True
Does 81 divide 104652?
True
Is 36 a factor of 28622?
False
Does 25 divide 3431788?
False
Is 697961 a multiple of 289?
False
Does 508 divide 1604772?
True
Is 378420 a multiple of 68?
True
Is 12 a factor of 489210?
False
Is 86 a factor of 3551662?
False
Is 386659 a multiple of 607?
True
Does 15 divide 472965?
True
Is 308515 a multiple of 34?
False
Is 4045599 a multiple of 19?
False
Is 23 a factor of 27571?
False
Is 73 a factor of 22265?
True
Is 264692 a multiple of 51?
False
Is 4 a factor of 202482?
False
Is 288 a factor of 609061?
False
Is 789229 a multiple of 31?
True
Does 744 divide 2508024?
True
Is 92 a factor of 8004?
True
Is 3468654 a multiple of 126?
True
Does 833 divide 2700586?
True
Does 9 divide 209709?
True
Is 712012 a multiple of 36?
False
Is 219030 a multiple of 12?
False
Is 3913581 a multiple of 21?
True
Is 14 a factor of 3897824?
True
Is 417 a factor of 481635?
True
Does 35 divide 332012?
False
Does 5 divide 226083?
False
Is 4819838 a multiple of 9?
False
Is 992096 a multiple of 32?
True
Does 6 divide 286542?
True
Is 25809 a multiple of 8?
False
Is 21752 a multiple of 134?
False
Does 125 divide 11283750?
True
Is 10962 a multiple of 42?
True
Is 3734052 a multiple of 225?
False
Is 463 a factor of 1143147?
True
Does 74 divide 1197542?
True
Is 148 a factor of 154259?
False
Does 89 divide 87309?
True
Is 9 a factor of 12888?
True
Is 18848278 a multiple of 9?
False
Is 777 a factor of 5528882?
False
Is 758016 a multiple of 74?
False
Is 488028 a multiple of 12?
True
Is 111 a factor of 3195690?
True
Is 14 a factor of 577995?
False
Is 34 a factor of 186592?
True
Is 20404 a multiple of 21?
False
Does 143 divide 736175?
False
Is 24 a factor of 487741?
False
Is 258657 a multiple of 109?
True
Is 526125 a multiple of 575?
True
Is 22662044 a multiple of 1581?
False
Is 1262016 a multiple of 939?
True
Is 54262 a multiple of 92?
False
Is 26 a factor of 452920?
True
Is 73700 a multiple of 5?
True
Is 799634 a multiple of 38?
True
Is 715890 a multiple of 42?
True
Is 359 a factor of 486804?
True
Does 14 divide 1704304?
True
Is 569584 a multiple of 367?
True
Is 17 a factor of 11628?
True
Is 9 a factor of 954542?
False
Is 11607024 a multiple of 22?
True
Is 9687210 a multiple of 608?
False
Is 9 a factor of 327996?
True
Does 7 divide 6435576?
True
Does 82 divide 2040242?
True
Does 356 divide 2041803?
False
Is 10622104 a multiple of 65?
False
Is 542849 a multiple of 19?
True
Is 2707628 a multiple of 11?
True
Is 16472 a multiple of 51?
False
Is 57 a factor of 43323?
False
Is 18 a factor of 2914074?
True
Is 8 a factor of 3775128?
True
Is 3181896 a multiple of 108?
True
Is 468 a factor of 42297?
False
Is 129234 a multiple of 119?
True
Is 146806 a multiple of 11?
True
Is 3084638 a multiple of 59?
True
Does 33 divide 61129?
False
Is 5527847 a multiple of 6?
False
Is 2048716 a multiple of 629?
False
Is 337829 a multiple of 381?
False
Is 8329245 a multiple of 183?
True
Is 1565014 a multiple 